**5/20 + 3*w**4/4 + 4*w**3/3 + 2*w**2 + w. Suppose 39*h + 1338 - 1026 = 0. Calculate s(h).
4
Let q = 16 - 9. Let o(a) = -14*a + 7 + 717*a**2 + 5*a - 1373*a**2 + 657*a**2. What is o(q)?
-7
Let g(s) = 2*s + 17. Suppose -15*w - 20 = 145. Let p be (-54)/(-4) + -9*w/(-66). Give g(p).
41
Let p(k) be the second derivative of k**5/20 + 11*k**4/6 - 23*k**3/6 - 7*k**2 + 1711*k. What is p(-23)?
-14
Let z(g) = -3 + 1 + 0 - 9*g - g**2. Suppose -555*n + 564*n = -19989. Let c = -2227 - n. Determine z(c).
16
Let r(f) = -f**2 - 2*f - 1. Let i = 24 - 27. Let c = i + -78. Let v = -83 - c. Calculate r(v).
-1
Let g(p) be the second derivative of -2 - 2*p - 1/2*p**3 + 1/12*p**4 + 0*p**2. Calculate g(2).
-2
Let v(s) = -246 + 90 + 115 + s**2 + 29*s + 53 + 85. What is v(-25)?
-3
Let r(a) = -a**2 - a + 13. Let h be (0/5)/((-108)/(-27)). Give r(h).
13
Let w(n) = -7*n - 5. Suppose 688*o = 690*o + 8. Let k be o - (1 + 7/7). Calculate w(k).
37
Let h be (-1 - 32/17) + -56 + (-25650)/(-459). Let b(l) = -2*l**2 - 8*l - 5. Determine b(h).
1
Let o(g) be the second derivative of g**3/2 - 2*g**2 + 24*g. What is o(0)?
-4
Let j = 17057 + -17065. Let b(z) = z + 33. Determine b(j).
25
Suppose 3232 = 5*z + 3*l, l + 198 = -3*z + 2138. Suppose z = 4*c - 1441. Let y be c/(-135) - (-2)/(-15). Let d(o) = 2*o + 2. What is d(y)?
-6
Let j(n) = -65988 - n + 65878 - 2*n. What is j(-38)?
4
Let m = -137 - -130. Let o(b) be the third derivative of b**5/60 + 3*b**4/8 + b**3/2 - b**2 - 28*b. Calculate o(m).
-11
Let z be (-3)/(-5) - (22 + (-3344)/110). Let d(c) be the second derivative of c**4/12 - 4*c**3/3 + c**2/2 - c. What is d(z)?
10
Suppose 45 = -3*k - 4*j + 55, j - 22 = -4*k. Let p(x) = -7*x + 11. Calculate p(k).
-31
Let v = 499 + -495. Let y = 79 - 50. Suppose 5*b - y + v = 0. Let q(h) = h**3 - 5*h**2 + h + 4. Give q(b).
9
Let s(z) = 7*z - z**2 + 18*z + 0*z**2 - 2*z**2 - 5*z + 2. Suppose 5*l + 4*i = -6 + 49, 2*i = 2*l - 10. Calculate s(l).
-5
Let c(n) = 9*n - 29. Let l(s) = -6*s + 19. Let h(g) = 5*c(g) + 8*l(g). Suppose 5*w + 535 = 9*w + 103*w. Calculate h(w).
-8
Let t(h) = 15*h + 17. Let f(q) = -7*q. Let l(u) = -3*f(u) - t(u). Give l(1).
-11
Let z(w) = 3*w**2 + w - 8. Let x = 724 - 544. Let q = -178 + x. Give z(q).
6
Let t be 3 + 5 - (23 - (-323)/(-19)). Let f(k) = 2*k**2 - 3*k - 4. Calculate f(t).
-2
Suppose 3*j + 3*y = 6, -j = -4*y + 2*y - 5. Let k(b) = -j + 2 - 5 + b**2. Let u = 21494 + -21494. Determine k(u).
-6
Let p(y) = -2*y + 1. Let h = -566 + 571. Suppose 29 = 2*w + h*c, 17*c = 2*w + 15*c - 8. Give p(w).
-13
Let g(t) = t**2 - 16*t + 3. Suppose 0 = -2*a - 3*i + 23, 2 + 1 = -3*i. Suppose 5*k - 288 = -a*k. What is g(k)?
3
Let w(r) = -r**3 - 4*r**2 - r + 3. Let u = 78 + -72. Suppose -2*b - 23 = -x, u*x - 3*x = 5*b + 70. Suppose 76 = -x*a + 6*a. Calculate w(a).
7
Suppose -366*r = -358*r + 8. Let j be -1*2 + -3 + r + 6. Let v(m) = -m + 1. Let o(n) = -n**2 - 2*n + 11. Let g(p) = o(p) - v(p). Determine g(j).
10
Let w = -2395 + 2394. Let p(z) be the second derivative of -z**4/3 + z**3/6 + z**2/2 + 4*z. Calculate p(w).
-4
Let t be 38*10/95 - 5/2. Let g(r) be the second derivative of 1/6*r**3 + 0 + 11*r - t*r**2. What is g(-5)?
-8
Let v(c) = -c**3 + 4*c**2 + 15*c + 14. Let i = 7485 - 7478. Give v(i).
-28
Let o(h) = -5*h**3 + 11*h**2 + 4*h - 18. Let b be o(-2). Let m(j) = j**3 - 58*j**2 + 12*j - 696. What is m(b)?
0
Suppose 0 = k + 6 + 37. Let n = 46 + k. Suppose -n*s + 3*u - 6 = -6*s, 5*s = 3*u - 14. Let z(i) = 6*i**2. Determine z(s).
6
Let o(g) = g**3 - 25*g**2 - 31*g - 34. Let w(j) = -j**3 + 26*j**2 + 34*j + 36. Let a(r) = -4*o(r) - 3*w(r). Calculate a(23).
5
Let u = 209 + -204. Let d(q) = u - 3 - q + 3*q - q**2. Determine d(-2).
-6
Let k(f) be the second derivative of -f**4/12 - 13*f**3/6 - 15*f**2 + 1463*f. Give k(-9).
6
Let l(h) = -2*h**2 + 11*h + 2. Suppose -4*q + 32 = 4*y, 0 = 3*q - 143 + 134. Determine l(y).
7
Let i(w) be the first derivative of w**4/4 + 4*w**3/3 - 8*w**2 - 23*w + 3250. Calculate i(-6).
1
Let x(f) = -f**2 + 21. Suppose 5*m - 20 = 5*j, -368*j + 24 = 4*m - 373*j. Determine x(m).
5
Let h(s) = -10*s**2 - 20*s + 4. Let l(x) = -23*x**2 - 41*x + 7. Let q(g) = 9*h(g) - 4*l(g). What is q(7)?
-6
Let n(c) = 7 + 6 + 1 - c**2 - 5*c**2 - 2 - 59*c. What is n(-10)?
2
Let o(d) be the third derivative of -d**4/12 - 4*d**3/3 - d**2. Let c = 23889 - 23895. Calculate o(c).
4
Let y(k) = -55*k + 18. Suppose -3 = -14*c - 5*c + 16. Give y(c).
-37
Let x(g) = g - 2. Let v = 147 - -92. Suppose -v*r = -240*r + 9. What is x(r)?
7
Suppose 7 = r + 2*i, -5*i + 1575 - 1590 = 5*r. Let s(c) be the third derivative of c**6/120 + c**5/5 - 5*c**4/8 - 17*c**3/6 + 2*c**2. Calculate s(r).
9
Let n(i) = -i**2 - 12*i + 11. Suppose y = 2*c - 2, y + 4*c - 28 = -0*y. Suppose -164 = 13*l - y. Give n(l).
11
Let j = -6328 - -6311. Let l(p) = -p**3 - 19*p**2 - 33*p + 12. Give l(j).
-5
Let c(v) = -v**2 + 14*v + 209. Let l(b) = 89*b + 557. Let s be l(-6). What is c(s)?
2
Let o(h) be the second derivative of h**5/20 + 2*h**4/3 + h**3/6 - 9*h**2/2 + 1233*h. Give o(-8).
-17
Suppose 4*k + 1344 = -3*k. Let f = -196 - k. Let p(s) = s**3 + 2*s**2 - 7*s - 6. What is p(f)?
-10
Let n be (-45)/8 + 48/(-1024)*8. Let q(c) = 3*c - 19. Let u(z) = 4*z - 22. Let s(l) = -5*q(l) + 4*u(l). Determine s(n).
1
Suppose -70 = -3*c + 14. Suppose b + c = -4*k - b, -b + 16 = -4*k. Let m(t) = -t**2 - 7*t - 7. What is m(k)?
3
Suppose 77*m - 89*m - 72 = 0. Let s(c) = 2*c**2 + 12*c - 7. Let p be s(m). Let b(n) = -n**2 - 8*n + 3. Calculate b(p).
10
Let i = 63 + -61. Let z(h) = 2*h**i + 1270 - 637 + h - 637. Determine z(0).
-4
Let c(t) = -865*t**2 + 316*t**2 + 5 - t**3 + 555*t**2 - 2*t. Let w = -2 + 4. Suppose -15 = -w*u + 5*k - 2*k, -5*k = u - 1. What is c(u)?
-7
Suppose -56 = -12*a - 16*a. Suppose -4*v + 15 = -v + a*d, -2*d = 4*v - 18. Let s(p) = -2*p**3 + 2*p**2 + 5*p - 2. Determine s(v).
-23
Let i(h) = -3*h - 86. Let j be (-5 + 33/(-6))*(-40)/(-14). Calculate i(j).
4
Let w(u) be the third derivative of u**6/120 - 7*u**5/60 + 7*u**4/24 - 3*u**3/2 - 16284*u**2. Let d be 6/9 - 1/(-3). Let c be 0/d + 6*1. What is w(c)?
-3
Let q be 179/(-1253)*-1*(-21)/(-12). Let t(r) be the first derivative of 0*r**2 + r - q*r**4 - 40 + 5/3*r**3. Determine t(4).
17
Let s(d) = -d**3 + 768*d**2 + 18 - 776*d**2 + 46*d - 18 - 26. Calculate s(-12).
-2
Let u(j) = -11*j**2 - 34*j - 204. Let f(l) = 7*l**2 + 19*l + 136. Let i(c) = 8*f(c) + 5*u(c). Give i(12).
-4
Suppose 8*z - 43*z + 13*z = 418. Let j(a) = a**3 + 15*a**2 - 76*a - 1. What is j(z)?
-1
Let v(q) be the first derivative of -q - 4*q**2 + 29 - 1/3*q**3. Calculate v(-7).
6
Let k(z) be the third derivative of z**5/60 - 3*z**4/8 + z**3/6 + 2*z**2 - 12*z + 82. Determine k(7).
-13
Let w(t) = -t**3 - 8*t**2 + 4*t + 22. Suppose -d - 24*x + 28*x = 20, -4*x = 4*d + 20. Determine w(d).
-10
Let s(w) be the first derivative of -1/2*w**2 - 3*w - 74. Determine s(0).
-3
Let p(a) be the second derivative of -a**5/20 - 3*a**4/4 - 3*a**2/2 + 2*a. Let r = -182 + 112. Let o = 61 + r. What is p(o)?
-3
Let c(q) = -q**3 + 5*q**2 - q - 7. Let s(l) = l**2 + 4*l - 6. Let g be s(-5). Let o be -4 + (-5 + 1)*g. Suppose o = 3*a + 14 + 1, u = 3*a + 20. Calculate c(u).
-12
Let w(v) = 53 - 6 - 40*v + 82*v - 39*v. Determine w(-12).
11
Let y(a) = 23 + 11*a + 32 - 61 - 6*a**2 + a**3. Calculate y(4).
6
Let a(f) be the second derivative of -f**3/2 - 6*f**2 - 29*f + 10. Determine a(0).
-12
Suppose 3*g + 65 = 5*p, -22*g + p = -20*g + 34. Let f(u) = -u**2 - 14*u + 12. Calculate f(g).
-3
Suppose -b + 20 = -5*n, 0*b - 3*n + 1 = 2*b. Suppose 57 = -b*l + 22. Let h(p) = -p**2 - 6*p - 2. What is h(l)?
-9
Let a(m) = -3*m**2 - 2*m - 1. Let f be a(-2). Let r(s) be the second derivative of -s**4/12 - 4*s**3/3 - 3*s**2 - 4284*s. Give r(f).
-15
Let t(b) = 67*b**2 - 198*b**2 + 19 + 68*b**2 - 9*b + 64*b**2 - 8*b. Calculate t(15).
-11
Let r(a) be the second derivative of a**4/24 + 4*a**3/3 - 88*a**2 + 165*a. Let b(u) be the first derivative of r(u). Give b(-9).
-1
Let q(o) = -o**3 + 6*o**2 - 4*o + 7. Let b be q(6). Let d = -14 - b. Let l(g) = 8*g - g**d + g**2 + 8*g**2 + 1 - 13*g**2 - g**2. Determine l(-6).
-11
Let q be (-15)/(-5) + -3 + 2. Let h(k) be the second derivative of -3*k**5/20 - k**3/6 + k**2/2 + 2*k - 34. What is h(q)?
-25
Let i(x) be the first derivative of x*